rime factors of n?
2, 7, 79
Let v be (3 - (-19928)/60) + 6/(-45). Suppose -a - v = -5*u - 2*a, a = 5*u - 325. List the prime factors of u.
2, 3, 11
Let h(r) = -18*r + 41. What are the prime factors of h(-38)?
5, 29
Let n = -396 - -735. List the prime factors of n.
3, 113
Let d(m) = -3*m - 15. Let t be d(-7). Suppose -t*r = -17*r + 3168. What are the prime factors of r?
2, 3
Let a = 249 + 130. List the prime factors of a.
379
Let u = 342 - 173. What are the prime factors of u?
13
Let k(a) = 87*a + 172. What are the prime factors of k(5)?
607
Let m(v) = 14*v**2 - 9*v + 130. What are the prime factors of m(7)?
3, 251
Suppose 6*m = 9*m + 15. What are the prime factors of (114/18 + m)*(-306)/(-4)?
2, 3, 17
Let b(q) = 25*q**2 - 24*q + 95. List the prime factors of b(5).
2, 3, 5
List the prime factors of (-18)/72*(0 - -278)*-10.
5, 139
Suppose 2*p + 2 = -0*p. Let h(a) be the first derivative of -15*a**2 - 44. What are the prime factors of h(p)?
2, 3, 5
Suppose -15*k = -6*k - 63. Suppose k*g - 582 = 461. List the prime factors of g.
149
Suppose -24*h - 4*z + 2574 = -23*h, -4*z - 8 = 0. What are the prime factors of h?
2, 1291
Let t = 4743 + -3372. What are the prime factors of t?
3, 457
Suppose 0 = -10*h + 5*h + 2*n + 15, -2*h - 2*n - 8 = 0. Let c(j) = 26*j**2 - j + 2. What are the prime factors of c(h)?
3
Suppose -3*s - y + 36 = y, 5*y - 36 = -3*s. Let u = s - 11. List the prime factors of 2*u/((-4)/(-40)).
2, 5
Let v(o) = 522*o - 144. What are the prime factors of v(4)?
2, 3
Let b(i) = -13*i**3 + 1. Let z be b(-1). Let p(d) be the second derivative of d**3/3 + 17*d**2/2 - 130*d. List the prime factors of p(z).
3, 5
Let d = 64 - -1196. List the prime factors of d.
2, 3, 5, 7
Let t = -23 - -30. Let v(i) = -i + 10*i**2 - 18*i**2 + 2*i**2 + 14 + i**3. What are the prime factors of v(t)?
2, 7
Suppose 21050 = -0*p + 25*p. What are the prime factors of p?
2, 421
Let c be (-115)/(-9) - (-4)/18. Let y be (-2)/((4/31)/2). Let u = c - y. What are the prime factors of u?
2, 11
Let l = 4827 - 2266. What are the prime factors of l?
13, 197
Let i(y) = -84*y + 15. Let d be i(4). List the prime factors of (2 + -3)*d/3.
107
List the prime factors of (-288)/27*(5 + -11).
2
Let f be (-2)/4 + (-966)/28. Let j = f - -42. What are the prime factors of j?
7
Let m = -82 + 93. Suppose -12*n = -m*n - 50. What are the prime factors of n?
2, 5
Let j = -256 - -114. Let g = 40 - j. Let v = -116 + g. List the prime factors of v.
2, 3, 11
Suppose -7763 - 7252 = -15*u. List the prime factors of u.
7, 11, 13
List the prime factors of -7*24/(-42) - 8 - -973.
3, 17, 19
Suppose -14*p + 918 = -5*p. Suppose -6*m + 138 = -p. List the prime factors of m.
2, 5
Suppose -22 + 6 = -z - 3*s, -s + 32 = 2*z. Let q be (2/4)/(5/(-10))*7. Let i = z - q. What are the prime factors of i?
23
Let c(q) be the third derivative of -q**6/120 + q**5/15 - q**4/24 + q**3/2 - q**2. Let h(z) = -z**2 - 13*z + 3. Let m be h(-13). List the prime factors of c(m).
3
List the prime factors of 94005/50 + -1 + (-1)/10.
1879
Suppose -5*k + 5 + 5 = 0. Suppose -3*a - 3*f = -474, -k*a = -5*a - 2*f + 478. List the prime factors of a.
2, 3
Let q be 186/4*20/30. Let v = q - 19. List the prime factors of v.
2, 3
Let m be 29/4*(9 + -1). Let z = m + -29. Suppose -o - z = -2*o. What are the prime factors of o?
29
Let l(c) = c**2 - 4*c + 2. Let k be l(-4). Suppose -2*z = 2*i - k, z + 3*i + 3 - 30 = 0. Suppose -3*j = -2*j - z. What are the prime factors of j?
2, 3
Suppose 214*f + 98868 = 235*f. What are the prime factors of f?
2, 11, 107
Let w = -29 - -33. Suppose -5*p = -w*q + 323, -4*p + 0*p = 5*q - 414. What are the prime factors of q?
2, 41
Suppose -37*l + 26*l + 4895 = 0. What are the prime factors of l?
5, 89
Let q = -4 - -2. Let n be (-3 + (4 - -1))*q. List the prime factors of (-90)/12*n/6.
5
Suppose 0 = 2*v, 3*v = f - 10 + 22. List the prime factors of (f/8 - -1)*-132.
2, 3, 11
Suppose -4*v = 2*x - 5*v - 11, -5*x + v + 20 = 0. Suppose 3 = -x*u + 15. Suppose 314 - 82 = u*t. List the prime factors of t.
2, 29
Let l = 4678 + -2752. What are the prime factors of l?
2, 3, 107
Suppose -m + 4 = -1. Suppose -i = -0*i - m*a - 12, -a + 4 = 3*i. Suppose i*l - 7 = -k, 2*l + 3*l + 2*k - 18 = 0. List the prime factors of l.
2
Let k be 2/(-2*(-1)/(-44)). What are the prime factors of -1 - (-1 + k + 0 + -1)?
3, 5
Let u(m) = -m**2 - 16*m - 11. Let w be u(-17). Suppose 4*f + 244 = -52. List the prime factors of 7/w + f/(-8).
3
Suppose -11*y - 10 = -13*y. List the prime factors of (-1 + y - 1) + 102.
3, 5, 7
Let y be ((1 - 1) + 1)*13. Let j be ((-75)/(-20)*2)/((-6)/(-8)). Let p = j + y. What are the prime factors of p?
23
List the prime factors of (-7 - -5)/((-2)/495).
3, 5, 11
Suppose -20*m + 11*m + 7848 = 0. What are the prime factors of m?
2, 109
Suppose -7 = 5*l + 23. Let b be 24/(-20)*15/l. List the prime factors of b/((-5)/((-140)/6)).
2, 7
Let d(g) = -6*g**2 - 31*g - 21. Let x(o) = -o**2 - 6*o - 4. Let t be (-1)/(2/(-22)*1). Let r(i) = t*x(i) - 2*d(i). List the prime factors of r(6).
2, 5
Suppose -26*a = -24*a - 26. Suppose -17*x = -a*x - 448. List the prime factors of x.
2, 7
Let i(h) = -h + 8. Let p be i(5). Let l(r) = 21*r + 10 - 12*r + 18*r**2 + r**p - 9*r. List the prime factors of l(-18).
2, 5
What are the prime factors of ((-22)/6)/(((-133)/1869)/19)?
11, 89
Suppose 2*a = -4*y + 4*a + 24, -2*y - 2*a = 0. Suppose 0 = -d + y*d. Suppose 2*g + 64 = -d*w + 4*w, 0 = -4*w + 4*g + 64. List the prime factors of w.
2
Suppose -5*h + 101 = -29. List the prime factors of h.
2, 13
Let x(u) = -316*u. Let r be x(-1). Suppose -2*d + 4*i = -6*d - r, d - 3*i = -75. Let l = d - -109. List the prime factors of l.
31
Let i = 201 - 117. Let b = 163 - i. What are the prime factors of b?
79
Let v(b) = 269*b**2 - b - 2. List the prime factors of v(4).
2, 7, 307
Suppose 4*r + 8 = 2*r, -w - 4*r = -2500. List the prime factors of w.
2, 17, 37
Let h(m) = 46*m - 582. What are the prime factors of h(31)?
2, 211
Let w(g) = -169*g + 45. What are the prime factors of w(-7)?
2, 307
Let f(u) = u**2 + 9*u - 10. Let c be f(-10). Suppose c = 3*s + 62 - 344. What are the prime factors of s?
2, 47
Let w(t) = -t**3 + 14*t**2 - 19*t - 53. What are the prime factors of w(9)?
181
Let p(i) = -i**2 - 28*i - 25. Let l be p(-27). Let h = 26 + l. List the prime factors of h.
2, 7
Let l(g) = -2*g - 3. Let p be l(-2). Suppose x + 5 = p. What are the prime factors of (x/(-8) - 2)*-30?
3, 5
Suppose 0*j = 4*k - j + 267, -5*j - 161 = 2*k. Let g = -13 - k. Let h = -16 + g. What are the prime factors of h?
3, 13
Let a(i) = i**2 - i + 2. Let z be a(3). Let s(o) = o**3 - 7*o**2 - 7*o. Let j be s(z). Let c = 15 - j. What are the prime factors of c?
7
Let j(c) = 5*c**3 - 5*c**2 + 22 - 4*c**3 + 21*c**2 + 19*c. Let n be j(-15). List the prime factors of (-4)/18 - n/9.
2
Let n(d) = d**3 + 7*d**2 + 8*d + 14. Let p be n(-6). Suppose 4*f + 131 = p*w + 3*w, 80 = 4*w + 3*f. What are the prime factors of w?
23
Let s(c) = -c**3 - 10*c**2 - 10*c + 12. Let h = 17 + -10. Suppose -3*k - 20 = h. What are the prime factors of s(k)?
3, 7
Suppose -7*k + 3624 = -156. What are the prime factors of k?
2, 3, 5
Let l be (-4)/20 - 402/(-10). Suppose h - 3*h = -32. Suppose -2*r + l = -h. List the prime factors of r.
2, 7
Let r = -376 + 815. List the prime factors of r.
439
Let k(a) = 7*a**2 + 14*a + 140. What are the prime factors of k(-13)?
7, 163
Let m be 14/(-42) - 16/6. Let p be (4/(-8))/(m/(-12)). What are the prime factors of 28 + (p - (-3 + -2))?
31
Suppose -z - 736 = -3*i, -7*i + 5*i + 476 = 3*z. Suppose 2*p - 4*b - 226 = 0, 5*b - 3*b = -2*p + i. List the prime factors of p.
7, 17
Let q = 4163 + -1916. List the prime factors of q.
3, 7, 107
Suppose -23*h + 9310 = 12*h. What are the prime factors of h?
2, 7, 19
Suppose 1636 = 4*r + 2*q, -3*q + 7*q = -5*r + 2042. List the prime factors of r.
2, 5, 41
Suppose -r + 16 = 7. Suppose 3*v + 3 = r. List the prime factors of v/(-6) + 530/15.
5, 7
Suppose 0 = -3*y + 2*y + 5. Suppose -5*b = -2*b, -y*f - 3*b = -165. Suppose 0 = 4*u - v - 33, -4*u - 3*v + f + 12 = 0. List the prime factors of u.
3
Suppose -7*i + 6077 = 1072. List the prime factors of i.
5, 11, 13
Let d(x) = x**2 - 5*x. Let a be d(6). Suppose 4*h = 2*h + a. Suppose -2*m = 2, -h*p + 67 = p + 5*m. What 